be u(-8). Let i(k) = -9*k + 4. Is i(q) a prime number?
False
Let y be (4 - -71 - 0) + 0. Suppose 250 = 5*a - y. Is a a composite number?
True
Suppose 7 - 1 = -2*l, -f + 5*l = -124. Is f a composite number?
False
Suppose 2*f - 2*i = 12, 3*i + 0*i = 9. Let k = f + 44. Is k prime?
True
Suppose 5*p = -g + 849, 3*g = 3*p + 1934 + 577. Is g a composite number?
False
Suppose 4*b = 7 + 13. Suppose 202 = 3*n + 5*r - 289, -b*n - 2*r = -793. Is n a prime number?
True
Suppose 3*h + 22 = 5*l, -5*h + 6*h + 4*l + 13 = 0. Let c(b) = -b**3 - 4*b**2 + 2*b + 8. Is c(h) composite?
True
Suppose 3*a - 2*r = 951, 0 = -2*a - 2*a + 2*r + 1270. Is a a composite number?
True
Let u(o) = -o**3 + 10*o**2 - 9*o + 2. Let z be u(9). Let r be (4/(-2))/z + 0. Is (13 - 1)*1 - r a prime number?
True
Is (-2 - -2 - 1)/((-3)/4971) composite?
False
Suppose -d - 49 - 161 = -4*h, -110 = -2*h - 2*d. Is h a composite number?
False
Let k(t) = -t**3 + 7*t**2 + 1. Is k(6) a composite number?
False
Let i(m) = 6*m. Let s be i(-1). Let x = s + 5. Let j(b) = 2*b**2. Is j(x) a prime number?
True
Suppose 9*r = 4*r. Suppose 202 = j - r*y - y, y = -3. Is j composite?
False
Suppose 0 = 3*q - 1 - 8. Suppose -232 = -w - q*w. Is w a composite number?
True
Suppose 0 = d + 7 + 2. Let y be d/2*(-4)/(-3). Is 23/((-2)/(y/3)) prime?
True
Suppose -5*n + 4366 + 1609 = 0. Is n a prime number?
False
Suppose r + 3*s = 799 + 13, 1616 = 2*r - 2*s. Is r a prime number?
True
Suppose p - 2*o = -7484, p = 2*p - 4*o + 7488. Is p/(-77) - (-1)/(-7) prime?
True
Let o(t) = t**2 - 9*t + 11. Let n be o(8). Suppose 0*j - 6 = n*j - 4*i, -5*i = -j - 13. Suppose -3*k + b + 454 = -75, j*b - 889 = -5*k. Is k composite?
True
Let q(t) = -t + 9. Let y be q(6). Let o(h) = -5*h**3 + 3*h**2 + 2*h - 5. Let i(j) = j**3 + 1. Let x(m) = -3*i(m) - o(m). Is x(y) composite?
False
Suppose -i = -4*i - 12. Let j = -8 - i. Is 118 + (-2)/(j/6) a prime number?
False
Let s = -35 - -117. Suppose -s = -2*u - 22. Suppose -4*n + u = -494. Is n a composite number?
False
Let w be (-1)/4 - 27/(-12). Suppose 139 = w*p - 133. Is p/(-12)*(-3)/1 a prime number?
False
Suppose h = -4*t, h - 4*t = 6*h. Suppose h = 3*d + 2*d - 40. Is (42 - 0)*4/d composite?
True
Let k(q) = 5*q**2 + 2*q**2 - 3*q - 5*q**2. Suppose -2*c = 3*s - 0*c - 6, 2*c = 0. Is k(s) a composite number?
False
Let y be (4 + -5)*(0 + -4). Suppose -3*t + 55 = y*z, -4 = 2*z - 0. Is t prime?
False
Let u be ((-30)/(-9) - 1)*54. Suppose 5*v = -3*q + u, 4*v + 22 = 3*q - 77. Is q prime?
True
Let d(q) = 13*q - 2. Suppose 2 = 2*t - 4*v, -2*t = -6*t - 4*v + 16. Is d(t) prime?
True
Let d(w) = w - 1. Let c be d(3). Suppose m + 1 + 1 = c*n, n = -2*m - 4. Suppose -4*x = -n*x - 76. Is x prime?
True
Suppose -615 = 2*y + 3*y. Let a = y + 244. Is a composite?
True
Suppose 11*v = 13236 - 4095. Is v composite?
True
Let r = -1062 + 1563. Is r a composite number?
True
Suppose 0 = m + 4*m + d - 1055, -3*d = 4*m - 855. Suppose m = 3*k - 255. Is k prime?
False
Let b(u) = 10*u - 1. Suppose 2 = 5*a - 28. Is b(a) prime?
True
Let g(y) = 28*y + 3. Let k be g(7). Let m = k + -93. Is m a prime number?
False
Let t(m) = 3*m**2 + 10*m + 5. Is t(-12) a composite number?
False
Suppose -4*l - 6 + 26 = 0. Suppose -l*r = -3*r - 8. Suppose -r*s = -210 - 146. Is s prime?
True
Suppose 27 = -2*s + 7. Let a(q) = -q**2 - 13*q - 11. Is a(s) composite?
False
Let y(u) = -u + 2. Let l be y(-4). Let j = l + -21. Let k = 50 + j. Is k composite?
True
Let r(f) be the second derivative of f**3/3 + 3*f**2/2 - f. Is r(6) a prime number?
False
Let p(b) = -b**2 - 8*b - 9. Let o be p(-6). Suppose o*y = -0*y - 6. Is (21/(-4))/(y/8) prime?
False
Suppose -r + 170 = -2*t, 0 = -4*t - 2*r - 396 + 72. Let g = t + 116. Is g prime?
False
Suppose -a + 3*a - 1788 = -4*p, -2*p + 5*a = -870. Is p a prime number?
False
Suppose -5*u + 12201 = 4*n, 3331 = 3*u - 3*n - 3968. Is u composite?
False
Let m = -12 - -15. Let c = 137 - m. Is c a prime number?
False
Suppose 0 = -5*z - 1023 + 8978. Is z a composite number?
True
Suppose -5*b + 5*w - 32 = -7, -3*w + 11 = -2*b. Let p be 27/5 - b/(-10). Suppose 5*i + 3*u = 164, -167 = -p*i - 4*u - 0*u. Is i prime?
True
Let q(a) = 40*a**2 + 4*a + 3. Let r be q(-2). Is (r - 1)*3/6 prime?
False
Let y be ((-10)/(-3))/((-10)/(-15)). Suppose -4*d - 2*k + 734 = -0*k, 0 = -y*d - 4*k + 913. Is d prime?
False
Let q = 617 + -343. Let o = q - 75. Suppose 2*b + 26 - o = -5*l, -2*l = b - 69. Is l a composite number?
True
Let k(d) = 9*d**2 - 5*d + 7. Is k(-5) composite?
False
Let p(w) = -5*w - 2. Is p(-17) a prime number?
True
Let c(y) = -y**3 - 11*y**2 + 12*y. Let m be c(-12). Suppose m = -3*u + d - 4 + 63, 3*d + 6 = 0. Is u prime?
True
Let o(m) = -8*m - 3. Suppose -2*y - y + 4*k = -56, -14 = -2*y - 2*k. Suppose -2*u - 3 - y = c, -3*c - 4*u - 37 = 0. Is o(c) a prime number?
True
Let l(u) = 378*u**3 + 1. Is l(1) composite?
False
Is ((-4)/6)/((-16)/11976) prime?
True
Suppose 96 + 42 = 2*a. Let v(t) = -t**3 + 10*t**2 - 3*t - 5. Let s be v(9). Suppose -3*y = -5*h - a, s - 3 = 2*y - 2*h. Is y composite?
False
Let z be (-4)/(-2)*615/6. Suppose -3*g + 148 = -2*c, -3*c + z = 5*g + 2*c. Is g a prime number?
False
Let t(j) = j**3 - 5*j**2 - 8*j + 13. Is t(7) a prime number?
False
Let c(w) = -w**3 + 4*w**2 + 2*w - 4. Let j be c(4). Suppose 0 = -2*t + 7*t - 5, 5*r + j*t = 19. Suppose -q + 0*q + r = 0. Is q a composite number?
False
Let j be (-2 + 1)*(31 - 0). Let a = 179 + -57. Let o = a + j. Is o composite?
True
Let h(n) = 3*n + 9. Let u be h(7). Is 1 + (-4)/(-2) + u a composite number?
True
Is (1 - -165) + (7 - 4) composite?
True
Suppose -2 = 2*p - 12. Suppose -242 = -p*m - 4*i, -9*i + 15 = -4*i. Is m composite?
True
Suppose 541 = -9*n + 10*n. Is n a composite number?
False
Let w = -65 + 114. Let x = w + -18. Suppose 0 = 2*q - x + 1. Is q a prime number?
False
Let m = 41 - 202. Is m/(-3) - 12/18 prime?
True
Let y = 645 + -338. Is y prime?
True
Let f = 26 - -234. Suppose -5*h = -h - f. Is h a composite number?
True
Let x(p) = 2*p**3 + p**2 + p + 4. Let q be x(-3). Let r = 171 + q. Is r composite?
False
Is 621/7 + (-12)/(-42) composite?
False
Suppose -t + v = -5, 0 = -3*t + 5*v + 2 + 5. Let k be (-51)/t - (-1)/(-3). Is (11 + -1)/((-4)/k) a prime number?
False
Let d(w) = 3*w**2 - 2*w - 2. Let x be d(2). Suppose -p = -x*p + 10. Let h(c) = c**3 + 3*c - 1. Is h(p) a prime number?
True
Let y(z) = -z**3 + z + 130. Let g be y(0). Let m = -79 + g. Is m a composite number?
True
Suppose 5*q - 3*q - 18 = 0. Is q prime?
False
Is 2/(3177/3183 - 1)*-1 a prime number?
True
Suppose l + 735 - 166 = 0. Let i = -320 - l. Is i composite?
True
Let k be (3 + 2)/(-2 + 3). Suppose -d - k*s + 32 = 3*d, -3*d - 5*s + 29 = 0. Is d a composite number?
False
Let o be 1154/6 + 2/(-6). Let w = 100 - 69. Suppose 4*b - 3*x = o + w, 180 = 3*b + 2*x. Is b a prime number?
False
Suppose -12 + 0 = -4*l. Suppose -3*c - s + 121 = 0, l*s - s + 10 = 0. Let b = -7 + c. Is b composite?
True
Let w(g) be the third derivative of g**6/120 - 137*g**3/3 - 2*g**2. Let h be w(0). Is (-2)/(-10) - h/5 a composite number?
True
Suppose 134 = -3*d + p, -78 = 3*d + 5*p + 26. Is ((3 + -1)*d)/(-2) prime?
True
Is (5 + (-4 - -1))*(-254)/(-4) prime?
True
Let j be (20/6)/((-12)/(-18)). Suppose 2*l = 3*d - 2*d + 349, 5*d = -2*l + 379. Suppose -l = -j*m + 8. Is m prime?
True
Let g = -30 + 73. Suppose a + 317 = 4*b - g, 0 = -3*b + 2*a + 275. Is b composite?
False
Let g = 710 + -423. Is g a composite number?
True
Let u(b) = b**2 - 5*b. Let a be u(4). Is ((-191)/(-2))/((-2)/a) a composite number?
False
Suppose 4*x = -b + 33, -5*x + 66 = 2*b - 0*b. Suppose 0 = -d - 2, 2*z - 5*z - 3*d - b = 0. Let o = z - -35. Is o a composite number?
True
Let r be (8/(-6))/4*-1929. Let g = 1140 - r. Is g a composite number?
True
Suppose -5*w = -0*w - b - 26, -4*w = -5*b - 4. Let g(s) = -s**3 + 5*s**2 + 7*s - 1. Let c be g(w). Suppose c*h = -0*h + 175. Is h composite?
True
Suppose 4*k - 129 = -3*f + 276, 3*k - 664 = -5*f. Is f a composite number?
False
Let s be (-29)/(-9) + 4/(-18). Let u = 39 + 3. Suppose -u = -s*o + o. Is o prime?
False
Let j = -7 - -17. Suppose j = -5*f - 0*f. Is (f - -2) + -1 + 192 a composite number?
False
Let o(t) = -8*t + 0 - 5 - 28*t. Suppose -7*m + 12 = -9*m. Is o(m) composite?
False
Let r = 4 + 0. Suppose 4*a - r*k = 160,